et l(w) = 1450*w - 2956. Calculate l(2).
-56
Let f(a) = -6*a**2 + 8580*a + 191663. Give f(-22).
-1
Let n(v) = -2*v**3 + 440*v**2 + 16*v - 161. What is n(220)?
3359
Let w(i) = -1149*i - 8910. Determine w(-7).
-867
Let p(t) = -2*t**3 + 44*t**2 + 74*t - 1627. Give p(23).
-983
Let n(o) = -1510*o + 5281. Determine n(2).
2261
Let w(o) = -242823*o - 15297856. Calculate w(-63).
-7
Let d(t) = -809*t + 34653. What is d(43)?
-134
Let d(q) = 159*q**2 - 3156*q - 6310. Give d(-2).
638
Let g(y) = 7*y**2 + 2217*y + 131148. Give g(-238).
10
Let v(q) = -636*q + 211783. Give v(333).
-5
Let i(m) = 60*m + 5200. Calculate i(-87).
-20
Let w(x) = 258*x - 44771. Give w(183).
2443
Let m(g) = -11787*g - 70739. Give m(-6).
-17
Let g(v) = -v**2 - 111*v - 2094. Determine g(-103).
-1270
Let k(s) = -104*s**2 + 3*s - 50. Give k(5).
-2635
Let k(i) = i**3 + 105*i**2 + 2698*i + 254. Give k(-60).
374
Let u(o) = 13218*o - 118942. Calculate u(9).
20
Let c(k) = 147*k**2 - 16*k - 12. Give c(-1).
151
Let t(z) = -4*z**3 + z**2 + 42*z - 176. What is t(5)?
-441
Let r(h) = 1050*h**2 + 8372*h - 233. Determine r(-8).
-9
Let n(z) = 2*z**3 + 13*z**2 - 190*z - 32. Calculate n(-15).
-1007
Let f(j) = -319*j - 63140. What is f(-198)?
22
Let k(f) = 13*f**2 - 1771*f + 15213. Calculate k(127).
-27
Let k(u) = -60565*u - 2543731. What is k(-42)?
-1
Let q(s) = -8*s**3 - 1064*s**2 + 1065*s - 934. Calculate q(-134).
4
Let z(h) = -9*h**2 + 94*h + 146. Determine z(13).
-153
Let c(w) = -13*w**2 - 801*w + 1238. What is c(-63)?
104
Let d(n) = -139475*n + 78384943. Calculate d(562).
-7
Let f(k) = -14*k**3 - 8876*k**2 + 8*k + 5070. What is f(-634)?
-2
Let t(s) = -s**3 + 28*s**2 + 221*s - 5010. Give t(30).
-180
Let s(p) = 7*p**2 + 136*p - 3913. Calculate s(20).
1607
Let w(h) = 67489*h + 1147291. Calculate w(-17).
-22
Let t(a) = -156*a - 17085. What is t(-110)?
75
Let p(y) = 807113*y - 5649801. What is p(7)?
-10
Let c(o) = -o**2 + 54233*o - 2. Give c(0).
-2
Let a(b) = -6*b**2 - 740*b - 1663. Give a(-121).
31
Let z(d) = -13*d**3 + 520*d**2 - 24*d - 80. Give z(40).
-1040
Let y(r) = -2994*r - 781421. Calculate y(-261).
13
Let l(i) = 1491*i - 128235. Calculate l(86).
-9
Let q(i) = -915*i - 136109. Calculate q(-150).
1141
Let y(c) = c**2 - 458*c + 47270. Give y(162).
-682
Let v(l) = -295331*l - 1476675. Give v(-5).
-20
Let p(a) = -1294*a + 140864. Calculate p(109).
-182
Let y(q) = 190*q**2 + 1712*q + 3. Calculate y(-9).
-15
Let z(r) = r**3 - 206*r**2 + 229*r - 4899. Calculate z(205).
21
Let h(a) = a**3 - 124*a**2 - 89*a + 10864. Determine h(124).
-172
Let n(q) = q**3 - 360*q**2 - 33654*q + 2194. Determine n(437).
9
Let u(a) = 2820*a + 48021. Determine u(-17).
81
Let s(n) = n**3 - 12*n**2 + 26*n - 337. What is s(7)?
-400
Let n(v) = -4484*v + 3371969. Determine n(752).
1
Let x(z) = 3*z**3 + 17*z**2 + 719*z + 1363. What is x(-2)?
-31
Let t(o) = 8*o**2 + 6323*o - 18965. Determine t(3).
76
Let m(n) = 5*n**2 + 7*n - 728. Give m(0).
-728
Let i(t) = 8*t**3 + 549*t**2 - 762*t + 404. Calculate i(-70).
-156
Let u(j) = -23*j**2 + 1039*j + 2161. Give u(47).
187
Let v(x) = -x**2 + 570*x - 6668. Determine v(12).
28
Let f(p) = 65306*p - 49240719. Calculate f(754).
5
Let h(t) = 2978*t + 17382. What is h(-6)?
-486
Let a(i) = 3*i**2 + 252*i - 1954. Determine a(8).
254
Let j(d) = 2*d**3 - 3*d**2 + 21*d + 47. What is j(-10)?
-2463
Let q(y) = 8451*y + 92962. What is q(-11)?
1
Let t(f) = -3*f**3 + 23*f**2 + 323*f - 3092. Give t(10).
-562
Let d(s) = 2234*s**2 - 67*s + 64. Determine d(1).
2231
Let m(c) = -1545*c + 763245. What is m(494)?
15
Let j(n) = n**2 + 1974*n + 5944. Calculate j(-3).
31
Let q(r) = 8*r**2 + 13*r - 449. Determine q(-9).
82
Let x(i) = -143*i + 14840. Give x(103).
111
Let c(u) = u**3 + 67*u**2 + 807*u - 6074. Give c(-25).
1
Let i(h) = 6*h**3 + 13*h**2 + 112*h - 565. Determine i(8).
4235
Let u(o) = -4959*o + 15224. Give u(3).
347
Let x(d) = -3*d**3 - 192*d**2 + 213*d + 1242. Calculate x(-65).
72
Let s(i) = -18582*i - 130008. Determine s(-7).
66
Let h(b) = -b**2 + 10274*b - 297102. Give h(29).
3
Let a(j) = -2389*j - 124049. Determine a(-52).
179
Let q(h) = h**2 - 18*h - 29842. Determine q(-164).
6
Let o(b) = 223*b + 249. Determine o(-2).
-197
Let k(q) = -q**2 + 28639*q + 57280. Calculate k(-2).
-2
Let h(u) = 58*u + 2025. Give h(5).
2315
Let t(m) = 2*m**3 - 266*m**2 + 1998*m + 320. Calculate t(125).
70
Let k(l) = -21821*l - 65536. What is k(-3)?
-73
Let s(p) = -139*p**2 + 19726*p + 1679. Give s(142).
-25
Let t(j) = 125*j + 55098. What is t(-441)?
-27
Let o(l) = 123*l**2 + 439*l - 13914. What is o(9)?
0
Let c(f) = -f**2 + 92*f - 893. Give c(73).
494
Let d(n) = -n**3 + 156*n**2 + 1663*n - 165. Calculate d(-10).
-195
Let b(f) = f**2 - 26*f - 281. Determine b(54).
1231
Let d(v) = 14*v**2 - 14373*v - 14372. Determine d(-1).
15
Let c(n) = 66*n**2 - 11268*n - 3098. Give c(171).
-20
Let w(m) = 2*m**2 - 11524*m + 61. Give w(0).
61
Let m(u) = -36432*u - 1202258. What is m(-33)?
-2
Let w(c) = 6632*c + 78106. Give w(-12).
-1478
Let k(i) = i**3 + 9*i**2 + 12870*i + 115663. Give k(-9).
-167
Let b(i) = 21*i**2 - 1972*i - 22143. Determine b(104).
-95
Let p(k) = 554*k - 42065. Give p(76).
39
Let h(a) = -13*a**2 - 113*a - 243. Give h(-3).
-21
Let x(m) = 9*m**2 - 1864*m + 14870. Give x(8).
534
Let f(a) = a**2 - 1066*a + 131247. Calculate f(142).
39
Let y(g) = 21905*g + 700976. What is y(-32)?
16
Let z(f) = -2*f**2 - 505*f - 24953. Give z(-185).
22
Let p(a) = -12830*a - 295098. Calculate p(-23).
-8
Let p(w) = -12282*w - 48698. Determine p(-4).
430
Let m(u) = u**3 - 13*u**2 - 1536*u + 2116. Determine m(-34).
8
Let k(m) = 115*m**2 + 4695*m + 20608. Calculate k(-5).
8
Let p(w) = 2677*w - 605000. What is p(226)?
2
Let y(p) = 7*p**2 + 3060*p - 15227. Determine y(5).
248
Let g(m) = -80988*m + 809930. What is g(10)?
50
Let l(m) = -25*m**3 - 146*m**2 - 838*m + 187. Give l(-6).
5359
Let s(z) = z**3 + 154*z**2 + 1294*z - 1614. Calculate s(-145).
-19
Let g(m) = -153*m**2 - 2755*m + 50. Give g(-18).
68
Let z(q) = -q**3 + 98*q**2 + 7*q - 1403. What is z(98)?
-717
Let h(a) = -a**3 - 287*a**2 - 2617*a - 340374. What is h(-282)?
0
Let r(m) = -5146*m + 154523. What is r(30)?
143
Let n(d) = -9990*d - 29875. Calculate n(-3).
95
Let l(v) = 30*v**2 + 207*v - 16265. Calculate l(-27).
16
Let r(j) = -j**2 + 44*j + 15660. Calculate r(150).
-240
Let z(y) = 2*y**3 + 102*y**2 + 144*y + 12889. Calculate z(-52).
-7
Let h(s) = -6899*s + 14272. Give h(2).
474
Let c(g) = -g**2 - 1685*g - 5137. Give c(-3).
-91
Let v(i) = -78*i**2 + 674*i + 736. What is v(-1)?
-16
Let z(m) = 2*m**3 - 27*m**2 - 144*m + 2021. Determine z(9).
-4
Let n(d) = -117*d + 9008. Determine n(73).
467
Let d(c) = c**3 + 76*c**2 + 96*c - 142. What is d(-75)?
-1717
Let j(b) = b**3 - 29*b**2 - 509*b + 15136. Give j(27).
-65
Let m(y) = -4*y**3 - 944*y**2 - 193*y - 45588. Give m(-236).
-40
Let n(l) = 14715*l + 9064434. Calculate n(-616).
-6
Let g(u) = u**3 + 77*u**2 + 1521*u + 1567. Calculate g(-40).
-73
Let q(n) = n**3 + 24*n**2 + 71*n - 197. What is q(-13)?
739
Let g(q) = 195323*q + 2148557. What is g(-11)?
4
Let y(a) = -9096*a + 318360. Determine y(35).
0
Let c(l) = -5*l**2 + 47*l - 41. Calculate c(8).
15
Let r(l) = l**3 + 23*l**2 - 25*l - 27. Calculate r(-24).
-3
Let b(d) = -2*d**3 - 58*d**2 - 297*d + 80. What is b(-23)?
563
Let b(n) = 12*n**2 - 759*n - 18468. Determine b(82).
-18
Let i(q) = -6*q**3 + 38*q**2 - 54*q + 485. Determine i(9).
-1297
Let a(t) = -2*t**2 - 103*t - 819. What is a(-11)?
72
Let k(i) = i**2 - 2322*i - 34936. Give k(-15).
119
Let i(t) = -7*t**2 + 363*t - 4628. Give i(23).
18
Let i(w) = -2*w**3 + 41*w**2 - 24*w + 566. What is i(21)?
-379
Let k(r) = r**2 + 27094*r - 949520. What is k(35)?
-5
Let y(c) = -c**2 - 1832*c + 7344. What is y(4)?
0
Let o(f) = -5950*f + 190398. Give o(32).
-2
Let l(g) = -2489*g - 144362. Give l(-58).
0
Let b(h) = 7*h**2 - 99*h - 32. Determine b(6).
-374
Let v(m) = -m**3 + 123*m**2 - 871*m + 1533. Give v(3).
0
Let w(q) = -q**3 + 32*q**2 - 86*q + 304. What is w(29)?
333
Let r(q) = 7819*q - 78187. Determine r(10).
3
Let t(m) = m**3 + 110*m**2 + 1673*m - 4116. Determine t(-21).
0
Let z(y) = -173*y + 6611. Determine z(24).
2459
Let c(k) = -k**3 - 36*k**2 - 186*k - 62. Give c(-31).
899
Let p(j) = -19602*j - 176396. Determine p(-9).
22
Let o(p) = p**3 + 96*p**2 + 1490*p 